{"id":12,"date":"2012-10-23T15:31:01","date_gmt":"2012-10-23T15:31:01","guid":{"rendered":"http:\/\/erfolgsschmiede.co.at\/erfolgsschmiede\/?page_id=12"},"modified":"2024-03-26T08:20:57","modified_gmt":"2024-03-26T08:20:57","slug":"trainerprofil","status":"publish","type":"page","link":"http:\/\/www.erfolgsschmiede.co.at\/erfolgsschmiede\/?page_id=12","title":{"rendered":"Trainerprofil"},"content":{"rendered":"<p><a href=\"http:\/\/www.erfolgsschmiede.co.at\/erfolgsschmiede\/wp-content\/uploads\/2021\/04\/DSM8849-scaled.jpg\"><img loading=\"lazy\" class=\" wp-image-354 alignright\" src=\"http:\/\/www.erfolgsschmiede.co.at\/erfolgsschmiede\/wp-content\/uploads\/2021\/04\/DSM8849-200x300.jpg\" alt=\"Stefan Baumgartner\" width=\"155\" height=\"233\" srcset=\"http:\/\/www.erfolgsschmiede.co.at\/erfolgsschmiede\/wp-content\/uploads\/2021\/04\/DSM8849-200x300.jpg 200w, http:\/\/www.erfolgsschmiede.co.at\/erfolgsschmiede\/wp-content\/uploads\/2021\/04\/DSM8849-683x1024.jpg 683w, http:\/\/www.erfolgsschmiede.co.at\/erfolgsschmiede\/wp-content\/uploads\/2021\/04\/DSM8849-768x1151.jpg 768w, http:\/\/www.erfolgsschmiede.co.at\/erfolgsschmiede\/wp-content\/uploads\/2021\/04\/DSM8849-1025x1536.jpg 1025w, http:\/\/www.erfolgsschmiede.co.at\/erfolgsschmiede\/wp-content\/uploads\/2021\/04\/DSM8849-1367x2048.jpg 1367w, http:\/\/www.erfolgsschmiede.co.at\/erfolgsschmiede\/wp-content\/uploads\/2021\/04\/DSM8849-scaled.jpg 1709w\" sizes=\"(max-width: 155px) 100vw, 155px\" \/><\/a><\/p>\n<p>Stefan Baumgartner, MA<\/p>\n<p><strong>Qualifikation:<\/strong><\/p>\n<ul>\n<li><strong>Bildungsmanagement<\/strong>, Master of Arts<br \/>\nUniversit\u00e4t f\u00fcr Weiterbildung Krems<\/li>\n<\/ul>\n<ul>\n<li><strong>Zertifizierter Erwachsenenbildner<br \/>\n<\/strong><a href=\"https:\/\/wba.or.at\"><img src=\"https:\/\/wba.or.at\/de\/login\/cd-materialien\/download\/Guetesigel\/Internet_und_Bildschirm\/JPG\/Farbe\/zert_erwachsenenbildner_klein.jpg\" alt=\"Zertifizierte\/r Erwachsenenbildner\/in\" \/><\/a><br \/>\n<span style=\"color: #ffffff;\">.<\/span><\/li>\n<li><strong>Diplomierter systemischer Coach<\/strong><\/li>\n<\/ul>\n<ul>\n<li><strong>Ausbildung zum Trainer f\u00fcr Erwachsenenbildung<\/strong> am WIFI Wien mit den Inhalten:<br \/>\n&#8211; Pr\u00e4sentationstechnik<br \/>\n&#8211; Kreativit\u00e4tstechnik<br \/>\n&#8211; Seminargestaltung<br \/>\n&#8211; Seminargruppen leiten und begleiten<br \/>\n&#8211; Unterlagengestaltung<br \/>\n&#8211; Methodik und Didaktik<br \/>\n&#8211; Moderation<br \/>\n&#8211; Kommunikation<br \/>\n&#8211; NLP-Basis<br \/>\n&#8211; K\u00f6rpersprache<br \/>\n&#8211; Sprechtechnik<\/li>\n<\/ul>\n<ul>\n<li><b>Trainer beim Amt der N\u00d6 Landesregierung <\/b>seit 2007<br \/>\n<span style=\"color: #ffffff;\">.<\/span><\/li>\n<li><strong>Die junge F\u00fchrungskraft<\/strong> &#8211; Publikation<br \/>\n<a href=\"https:\/\/shop.kohlhammer.de\/die-junge-fuhrungskraft-38641.html#147=22\" target=\"_blank\" rel=\"noopener\"><img loading=\"lazy\" class=\"aligncenter\" src=\"https:\/\/images-na.ssl-images-amazon.com\/images\/I\/61GX3kwPGyS.jpg\" alt=\"Die junge F\u00fchrungskraft\" width=\"141\" height=\"191\" \/><\/a><\/li>\n<\/ul>\n","protected":false},"excerpt":{"rendered":"<p>Stefan Baumgartner, MA Qualifikation: Bildungsmanagement, Master of Arts Universit\u00e4t f\u00fcr Weiterbildung Krems Zertifizierter Erwachsenenbildner . Diplomierter systemischer Coach Ausbildung zum Trainer f\u00fcr Erwachsenenbildung am WIFI Wien mit den Inhalten: &#8211; Pr\u00e4sentationstechnik &#8211; Kreativit\u00e4tstechnik &#8211; Seminargestaltung &#8211; Seminargruppen leiten und begleiten &#8211; Unterlagengestaltung &#8211; Methodik und Didaktik &#8211; Moderation &#8211; Kommunikation &#8211; NLP-Basis &#8211; K\u00f6rpersprache &#8211; [&#8230;]<\/p>\n","protected":false},"author":1,"featured_media":0,"parent":0,"menu_order":10,"comment_status":"closed","ping_status":"open","template":"page.alpha.php","meta":[],"_links":{"self":[{"href":"http:\/\/www.erfolgsschmiede.co.at\/erfolgsschmiede\/index.php?rest_route=\/wp\/v2\/pages\/12"}],"collection":[{"href":"http:\/\/www.erfolgsschmiede.co.at\/erfolgsschmiede\/index.php?rest_route=\/wp\/v2\/pages"}],"about":[{"href":"http:\/\/www.erfolgsschmiede.co.at\/erfolgsschmiede\/index.php?rest_route=\/wp\/v2\/types\/page"}],"author":[{"embeddable":true,"href":"http:\/\/www.erfolgsschmiede.co.at\/erfolgsschmiede\/index.php?rest_route=\/wp\/v2\/users\/1"}],"replies":[{"embeddable":true,"href":"http:\/\/www.erfolgsschmiede.co.at\/erfolgsschmiede\/index.php?rest_route=%2Fwp%2Fv2%2Fcomments&post=12"}],"version-history":[{"count":52,"href":"http:\/\/www.erfolgsschmiede.co.at\/erfolgsschmiede\/index.php?rest_route=\/wp\/v2\/pages\/12\/revisions"}],"predecessor-version":[{"id":384,"href":"http:\/\/www.erfolgsschmiede.co.at\/erfolgsschmiede\/index.php?rest_route=\/wp\/v2\/pages\/12\/revisions\/384"}],"wp:attachment":[{"href":"http:\/\/www.erfolgsschmiede.co.at\/erfolgsschmiede\/index.php?rest_route=%2Fwp%2Fv2%2Fmedia&parent=12"}],"curies":[{"name":"wp","href":"https:\/\/api.w.org\/{rel}","templated":true}]}}